2 - 95*j - 20*j**2 + 54 + 8*j - 2*j**3 + j**3. Let i be z(-44). Determine w(i).
3
Let g(u) = 15*u**2 + 6*u - 3. Let t(p) = -33*p**2 - 13*p + 7. Let x(w) = 13*g(w) + 6*t(w). Let j be x(1). Let f(z) = z**3 + 6. Calculate f(j).
6
Suppose -7*f + 12*f - 135 = 0. Let a(p) = 20*p - 2 - 9*p + 31*p**2 - 10*p - p**3 - f*p**2. What is a(3)?
10
Let f = -118 - -120. Let q(m) = f*m - 7 + m**3 - 3 - 14 - 4*m**2 + 25. Give q(4).
9
Let j(b) be the third derivative of b**5/60 + 17*b**4/24 + 25*b**3/2 - 483*b**2 + b. Determine j(-10).
5
Let p(a) = -6*a + 16. Let f(k) = 8*k - 11. Let y(v) = -3*f(v) - 2*p(v). Give y(1).
-11
Let j(b) = -88*b + 169*b - 84*b - 2 + 6. Determine j(10).
-26
Let x(l) be the third derivative of l**6/120 + 2*l**5/15 + l**4/3 - 4*l**3/3 - 319*l**2. Give x(-6).
16
Suppose -2*y - 4 = -o, 5*o - y + 5*y + 8 = 0. Let p(v) = 65*v - 64*v + 5 + o. Give p(10).
15
Let u = 96 - 93. Suppose 12 = 5*f - u*m - 0, -4*f = -3*m - 9. Let r(w) be the third derivative of -w**4/24 + 5*w**3/6 - w**2. Give r(f).
2
Suppose 3*p = -4*n + 91 - 89, -5*p - 45 = -3*n. Let d(j) = -j**3 + 6*j**2 - 12*j + 11. What is d(n)?
-24
Let q(m) = -m**2 + 2*m - 1. Let s(g) = 2*g**2 + 3*g + 10. Let f be s(-5). Suppose -5*i + 20*i = f. Give q(i).
-4
Let r(y) = -2*y + 1. Let s be -43*(-1 - 0)*-1. Let m = -41 - s. Suppose -4*j - 2*p = m*p, -12 = -3*p. What is r(j)?
9
Let p(u) = u**2 + 2*u - 5. Let r(y) = y**2 + 28*y + 80. Let o be r(-25). Suppose -11 = 5*w - 1, 31 = -o*d - 3*w. Give p(d).
10
Let m = 9125 - 9151. Let y(x) = -3*x - 63. Calculate y(m).
15
Let l(b) be the third derivative of -9*b**4/8 + 9*b**3 - 22*b**2 - 2*b + 30. What is l(3)?
-27
Let p(l) = 2*l**2 + 2*l + 1. Suppose -659 = -11*d - 626. Suppose 8*m = 5*m - 15. Let b = d + m. Give p(b).
5
Let m = -173 + 170. Let o(v) = v + 5. Let a be o(-3). Let g(c) = c - 1 + 5 - 3 - a*c. Calculate g(m).
4
Let o(y) = -6*y - 1. Let m(h) be the second derivative of 13*h**3/6 + 2*h**2 - 64*h. Let r(p) = 2*m(p) + 5*o(p). Give r(-5).
23
Let j(w) = w**3 + 2*w**2 - 3*w. Let q(s) = 32*s - 99. Let p(n) = 3*n**2 + 22*n - 13. Let r be p(-8). Let i be q(r). Calculate j(i).
0
Let b(w) = w**2 - 6*w + 6. Let p(r) = 2*r**2 + 3*r + 2. Let v be p(-4). Suppose -38*f = 45*f + 1328. Let s = f + v. Determine b(s).
6
Let a(i) = 11*i - 16*i - 5*i + 60 + 3*i. Calculate a(12).
-24
Let t be ((-16)/(-28) + (-122)/(-56))*4. Suppose 20*k = t*k + 18. Let g(l) = -5 - 13*l**2 - 3 + 12*l**k + 9*l. Give g(6).
10
Let m(f) = 38*f - 5. Let k(o) = -9*o + 2. Let l(x) = -4*k(x) - m(x). Suppose 0*r + 28 = -4*r. Give l(r).
11
Let s(d) = -6 - 19 - 13 - 17*d**2 + d**3 + 22 + 2*d. What is s(17)?
18
Suppose 32 = 5*h + m + 12, -4*h = m - 17. Let u(a) = -a**3 + 7*a**2 + 9*a - 7. Let q be u(8). Let z(y) = y - h*y - q + y. Calculate z(-2).
1
Suppose 172*v - 54*v - 83*v = 0. Let y(z) = -6*z + 25. Calculate y(v).
25
Let w(l) = -9 - 350*l**3 - l + 1056*l**3 - 353*l**3 - 9 + l**2 - 354*l**3. Let r(q) = q**3 - 5*q**2 + 5*q - 4. Let u be r(4). Determine w(u).
-18
Let x(y) be the first derivative of y**3/3 + 3*y**2 + 5*y + 1. Let a(p) = 758*p - 764. Let j be a(1). What is x(j)?
5
Suppose 12*w - 34 + 10 = 0. Let o(x) = 53 + 0*x**2 + w*x**2 - 55 - 4*x. Give o(4).
14
Let w(u) = -u + 4. Let r(v) be the first derivative of 3*v**2 - 44*v - 41. Let l be r(8). What is w(l)?
0
Let x(y) = 2 - 2*y**2 + 2*y**2 - 3888*y + y**2 + 3885*y + 2. Calculate x(3).
4
Suppose 0 = -7*v + 2 + 124. Let m(d) = 17*d + v*d - 55*d + 2 + 18*d. Calculate m(-6).
14
Let r(f) be the second derivative of 5*f**3/3 - 12*f**2 + f + 683. Determine r(9).
66
Let h(y) = y**3 - 2*y - 1. Let a(p) = -3*p**3 + 8*p**2 + 2*p - 14. Let r(q) = -a(q) - 2*h(q). Give r(7).
-19
Let v(w) = w**3 + 14*w**2 + 76*w + 11. Let c(l) = -l**2 - 10*l - 1. Let d(r) = 7*c(r) + v(r). What is d(-6)?
4
Let v(f) be the second derivative of -11*f**3/6 + 3*f**2/2 - f. Suppose 0 = 406*m - 691 - 259 + 138. Calculate v(m).
-19
Let k = 5614 - 5594. Let c(z) = -z**3 + 21*z**2 - 17*z - 35. Calculate c(k).
25
Suppose -f - 17 + 21 = 0. Let p be (f/(-10))/((-1)/(-30)*2). Let i(j) = j + 1 - 7 + j - 4*j. Give i(p).
6
Let r = 20 - 26. Let p be (8/(-3))/(r/(-9)). Let x(q) = 24*q**3 + 3*q + 5*q**2 + 5*q**2 - 23*q**3 - 5*q**2 - 4 + q. Calculate x(p).
-4
Suppose 5*q - 98 = -2*q. Let i = q - -1. Suppose 5*t + 4*j - j = -i, 5*j = 4*t + 49. Let d(r) = r**3 + 6*r**2 - r + 5. What is d(t)?
11
Let m(d) be the third derivative of -d**5/60 - d**4/4 + 7*d**2. Let v(c) = -c - 10. Let t(u) = -9. Let r(n) = -4*t(n) + 3*v(n). Let z be r(4). What is m(z)?
0
Let a(h) be the first derivative of -15*h**4/2 - h**2/2 + 612. Give a(-1).
31
Suppose -231 = -4*g - 55. Let f(r) = 17 + 3*r**2 - r + 26 - g. Suppose 14 = -y + 4*l, y - 2*y - 2*l + 10 = 0. What is f(y)?
9
Let s(r) = r + 1. Let l(v) = -v**3 - 8*v**2 + 14*v + 32. Let g be l(-9). Let f(k) = k**3 + 15*k**2 + 29*k + 33. Let w be f(g). Calculate s(w).
-5
Suppose -5 = 2*s + 7. Let r = s - -8. Let u(y) = 4*y**r + 0*y**2 + 5*y**3 - 5*y**3 - 4*y + y**3. Give u(-4).
16
Suppose -89*t + 361*t = 171 - 2075. Let s(q) = q**3 + 7*q**2 - q - 6. Let l(c) = 1. Let n(w) = 2*l(w) - s(w). Give n(t).
1
Let z(l) = -9*l**3 + 6*l**2 + 3*l - 1. Let v(f) = 7*f**3 - 4*f**2 - 2*f + 4. Let w(a) = -4*v(a) - 3*z(a). What is w(0)?
-13
Let c(p) = 14 + 3*p - 5*p + 3*p + 0. Let i be c(-7). Let y(d) = -4*d**2 - 22*d - 41. Let w(z) = -z**2 - 7*z - 13. Let m(s) = 7*w(s) - 2*y(s). Calculate m(i).
5
Suppose -8*m = -6*m - 8. Let p(y) = -4*y + 3*y + m*y + 0 + 4. Determine p(3).
13
Let q(m) = -24*m - 4. Suppose 11*j - 26*j + 11 = -4. Calculate q(j).
-28
Let h(p) be the second derivative of 1/12*p**4 + 1/3*p**3 + 5/2*p**2 + 47*p + 0 + 1/20*p**5. Calculate h(0).
5
Let s(p) be the first derivative of -7*p**3/3 - p**2/2 + p + 1. Let c(m) = -m**3 + 17*m**2 + 31*m + 134. Let r be c(19). What is s(r)?
-7
Let o(m) be the first derivative of m**4/4 - 7*m**3/3 - 2*m + 11. Suppose 4*u + 76 = 5*u. Let w = u - 69. Determine o(w).
-2
Let v(r) = 2*r**2 - 25*r - 39. Let q(c) = -4*c**2 + 115*c + 163. Let f be q(30). Determine v(f).
-26
Suppose -x + 6 - 3 = 0. Let d(g) = g**3 + 100*g**2 - 2*g**x - 5 - 97*g**2 + 6*g. Give d(4).
3
Let u = 4246 + -4250. Let d(s) = 9*s - 10. Calculate d(u).
-46
Let c(g) = -g**3 + g**2 - 4. Let h be c(0). Let i(z) be the second derivative of z**5/20 + z**4/3 - 3*z**2/2 - 25*z - 365. Give i(h).
-3
Let f(w) = w**3 - 7*w**2 + 5*w - 1. Let k(p) = 3*p**2 - 42*p + 2. Let s be k(14). Calculate f(s).
-11
Let d(j) = -7*j**2 - 5*j + 23. Let a be d(4). Let x = a + 112. Let o(s) = 1 + x - 6*s + s**2 - 4*s + 6*s. Give o(4).
4
Let u(z) = 5*z + 5*z + 9 - 8*z - z**3 + 8*z**2 + z. Calculate u(8).
33
Suppose 89*h = -307 + 847 + 2486. Let s(t) = -6*t + 219. What is s(h)?
15
Let t = 11602 - 11604. Let x(w) = 7*w**2 - 3. Determine x(t).
25
Let t(s) = -3*s**2 - 6*s + 64. Let x be (18/(-8))/((-58)/16 - -4). Calculate t(x).
-8
Suppose -2*d = -3*g + 26, 2*d = -g - 34 + 24. Let u(q) = 2*q**3 + 17*q**2 + 18*q - 25. What is u(d)?
-4
Let c be (((-24)/18 + 2)*-3)/(-1). Suppose 0 = -13*u + 9*u + 16, -c*u = -2*o - 16. Let m(n) = n**3 + 6*n**2 + 8*n + 1. Determine m(o).
1
Let k(c) = c**2 + 39 + 2*c - 33 - 2*c. Let d(r) = 2*r**2 + 10*r - 16. Let a be d(-7). Let w be 0/(a/(-6) + 0/(-2)). What is k(w)?
6
Let a(c) = c**3 - 39*c**2 - 77*c - 196. Let n be a(41). Let w(b) = b**2 - 9*b - 29. Determine w(n).
-29
Let c(y) = 30*y + 119. Let u = 13820 - 13824. Determine c(u).
-1
Let a = -6845 + 6847. Let l(k) be the third derivative of 0 + 1/24*k**4 - 18*k**a + 0*k + 2/3*k**3. Give l(-2).
2
Suppose 40*g - 162 = 238. Suppose 14*t - g*t + l = -12, -5*t - 15 = 5*l. Let z(y) = -2 + 1 - 3*y + 2*y. What is z(t)?
2
Let d(y) = -8*y**2 - 2*y**3 + 10 - 883*y + 886*y + 3*y**3. Let r(q) = -q**3 + 3*q**2 + 12*q - 3. Let i be r(5). What is d(i)?
-18
Suppose 8 = 5*o - 4*m + 6, o + 5*m - 12 = 0. Suppose 5*h = f + 50, 0 = 2*h + o*h - 3*f - 29. Let d(y) = y**2 - 12*y + 13. Give d(h).
2
Let q(z) = z**3 + 5*z**2 + 6*z + 4. Suppose -u + 2 = 2*r - 7, 3*r - 46 = 5*u. Let n be -3 + (4/14 - (-173)/r). Suppose n - 10 = -3*y. Give q(y).
-4
Let s be (9/(108/(-208)))/((-1)/(-6)). Let f = s - -157. Let v = f - 46. Let o(x) = x**3 - 6*x**2 - 6*x - 6. Determine o(v).
1
Let g(f) be the third derivative of -5*f**4/24 + f**3/2 + f**2. Suppose 28*i + 2601